- 9) + 1)?
0
What is the value of (-9 + 12 - 6) + 10?
7
What is the value of (-4 - 0 - -8) + -9?
-5
Evaluate 4 + -5 - (3 + (-4 - -1)).
-1
Evaluate -7 - (2 - (6 + 0) - 0).
-3
What is (0 - 0) + 1 + 0 + 4?
5
What is 11 + -13 - (4 - 9)?
3
6 + (-2 - 7) - -3
0
What is the value of (-9 - -25) + -19 - (-2 + 1)?
-2
Calculate 7 + -1 + -5 + -7 + 1.
-5
(-7 - -1) + (-3 - -8)
-1
-6 + 11 + 5 + -7
3
What is 5 + 0 - (8 + (19 - 20))?
-2
(10 + -4 - -1) + -3 + -1
3
What is the value of 8 + (-3 - -2) + 27 + -30?
4
What is -13 - (-7 + 4) - -8?
-2
What is the value of (-3 - 1) + 0 + 2 + 2?
0
Evaluate -3 + (5 - 1) + 2.
3
Calculate 17 - (22 + (-2 - 8)).
5
2 + -1 - 8 - (-2 - -1)
-6
5 + (-7 - (-6 + -6 + 6))
4
Calculate 0 + 2 + (-39 - -41).
4
What is the value of 33 + -30 + (1 - -2)?
6
Evaluate -3 - (-8 - -4) - 2 - 4.
-5
What is the value of (3 - -2) + 10 + -12?
3
Evaluate 3 + (-1 + (0 - -1) - 5).
-2
Calculate (-1 - -6) + (-6 - -10 - 13).
-4
Calculate -22 - (7 - (6 - -12)).
-11
7 - (-4 - (9 - (4 + 5)))
11
What is -5 + (2 - -9) - 12?
-6
What is the value of 0 + 2 - (-1 - (1 + -9))?
-5
What is (-5 - 0) + (0 - -4) + -1?
-2
What is -3 + (-7 - -15) + -10?
-5
What is the value of 2 + (-7 - -7) - -3?
5
What is the value of -2 - (2 - ((7 - 2) + -7))?
-6
What is (-5 - -3 - -1) + 0?
-1
-2 + -2 + 3 + 7
6
What is the value of (-2 + -1 - -7) + (6 - 9)?
1
What is (5 - 9) + -10 - -4?
-10
Calculate 5 + (-6 - -1 - -2).
2
Calculate (0 - 0) + 2 + (-8 - -2).
-4
What is 12 + (6 - 39) + 14?
-7
What is 0 - -1 - (3 - (-2 - -9))?
5
1 + 4 + -3 + -1
1
Evaluate 0 - (-3 - (-8 + (2 - -1))).
-2
What is the value of 1 - (3 - (2 - 3))?
-3
Evaluate 0 + 10 + -12 + 4.
2
2 + -4 + (-13 - -13)
-2
What is the value of 11 + (1 - (-2 - -11))?
3
What is (-3 - 2) + (2 - -5)?
2
What is 6 + -7 + 1 + 5 + -1?
4
Evaluate 7 - (3 + 21 + -14).
-3
Calculate 2 - (6 - 2 - -1).
-3
What is (-2 - 2 - -2) + (-2 - -6)?
2
Calculate (-3 - (-6 + 6)) + -2.
-5
(1 - 8) + 8 - 0
1
Evaluate 11 - (1 - -3) - 2.
5
Evaluate 2 + -1 - (1 - -1 - 3).
2
Evaluate -5 - (6 + -7) - (-1 - 1).
-2
Calculate (13 - 13) + -1 + -6.
-7
What is -2 - (0 - 4) - (1 - 0)?
1
What is 0 - 13 - (-9 + 6 + -3)?
-7
Evaluate 6 - (7 + (-7 - -4)).
2
-2 - (5 - 7 - 5) - -1
6
What is the value of 10 + -5 + -4 - (7 + -2)?
-4
(-1 - (-15 - -6)) + -6
2
6 + -3 + (0 - 8)
-5
Evaluate -7 + 3 + (-5 - -4).
-5
What is -1 + 4 + 4 + (0 - 4)?
3
Calculate -5 - (5 - (5 - 3) - 8).
0
Evaluate 0 + -5 + 0 + 3.
-2
Calculate -812 + 817 + (1 - (-1 + 0)).
7
Evaluate -9 + (-5 + 1 - -10).
-3
(-4 - 0) + 8 - (1 - 1)
4
Evaluate 3 + -7 - (0 + -4 + -5).
5
Evaluate -7 + 0 + (5 - 1).
-3
What is (-3 - -1) + -5 + 4?
-3
What is (6 - -2) + -6 - 1?
1
What is -2 - -3 - (0 + -3 - -2)?
2
Evaluate 3 - (2 + 1 - (2 - 0)).
2
Evaluate 3 - (1 + -7 - -12).
-3
What is the value of 0 + -4 - (-8 + 7 - 5)?
2
What is (-3 - 2) + (6 - 3)?
-2
-1 + 0 + (12 - 9)
2
What is the value of -3 + 7 + (6 - (-4 + 9))?
5
What is -2 + 6 + -2 + -2?
0
(4 + -2 - 0) + 0
2
Calculate 7 - 1 - (15 - 9).
0
13 + -4 + (6 - (6 - -2))
7
What is 8 - 3 - 0 - 11?
-6
Evaluate 11 - (-4 - (-6 + -3)).
6
Calculate 5 + 2 + -2 + 3.
8
What is the value of (-3 - -4) + -8 - (4 + -11)?
0
Evaluate 1 + -12 + 21 + -7.
3
Calculate -7 + 4 + 5 - (-1 - -1).
2
(2 - 4) + 1 + 0
-1
What is 2 + -11 - (1 - 6)?
-4
What is -4 + 28 - 13 - 10?
1
Calculate 13 - (-3 + 10 + -1).
7
What is the value of -4 + (6 - 4) + -1?
-3
What is the value of -5 + 5 + (3 - -2)?
5
What is (-40 - -42) + (1 - -2)?
5
What is (-5 - (0 - 15) - 5) + -1?
4
Evaluate -2 + -1 - (-7 - (-1 + -4)).
-1
6 + -10 - -2 - (-2 - 1)
1
Evaluate 5 + (4 - 14) - -5.
0
What is the value of 25 + -16 + (2 - 6)?
5
Evaluate (-3 - 4) + -30 + 36.
-1
Evaluate -147 - -156 - (-1 - -14).
-4
Evaluate 5 + (21 - 16 - (0 + 5)).
5
Calculate -4 + 2 + -2 + 3 + 4.
3
Calculate 1 - (0 - 5 - -7) - -6.
5
What is the value of (0 - -4) + 5 + -5 + 1?
5
What is the value of -44 + 51 - (3 - 0 - 3)?
7
What is the value of 1 + -1 + 1 + -6?
-5
Calculate (1 - 0) + (7 - 6) - 4.
-2
What is the value of -2 + (-9 - -5) - (-13 + 10)?
-3
What is 4 + -1 + -1 + -1?
1
What is 0 + 4 + -6 + (0 - -3)?
1
(-2 + 2 - 4 - -6) + 4
6
Evaluate -9 + (18 - (10 - 1)).
0
Evaluate -94 + 106 + (-1 - (2 + 1)).
8
Evaluate (3 - 0 - 4) + 5 + -7.
-3
Calculate -4 - -1 - (-21 + 10 + 2).
6
-75 + 62 - (-1 + -13)
1
Evaluate 1 + 0 - ((-12 - -4) + 4).
5
What is -9 - (-7 - (8 + -6 + -4))?
-4
-2 - (-1 - (-1 + 1) - -3)
-4
What is the value of 5 - (2 - 0) - 1?
2
Calculate -5 + -4 + (-7 - -7) + 1.
-8
What is -12 + (-14 - -15) - -13?
2
-3 - -4 - (7 - 19 - -5)
8
What is the value of 3 + (7 - 27) - -13?
-4
Calculate -2 + -2 + 1 + -1 + 1.
-3
Evaluate 3 + -8 + 3 + 3.
1
Evaluate 9 + -12 - (-12 - -4).
5
What is (-5 - (-2 + 1)) + -1?
-5
Evaluate (-8 - -5) + 12 + -13.
-4
What is 1 - 0 - (-81 - -88)?
-6
What is the value of -5 - (-7 + -1 + -2) - 5?
0
What is -2 - 7 - (-1 + -3)?
-5
Calculate -33 + 40 - (17 + -3).
-7
What is the value of 11 + (1 - (7 + 1))?
4
Calculate -4 + -1 - (-16 + 16).
-5
Calculate 3 + -1 - -1 - (0 - 0).
3
Calculate 12 - (12 + -14 - -5).
9
What is 2 + (8 - 20) - -5?
-5
Calculate 2 - (-4 + 0 + 5).
1
What is 15 + (1 - 1) + -7?
8
What is the value of 1 - (-2 - (0 + (7 - 5)))?
5
(-2 + 2 - 0) + -1 + -4
-5
What is the value of -50 + 52 - (0 - 4)?
6
1 + -6 - (-2 + 3 + -9)
3
Calculate -2 - -18 - 6 - 7.
3
What is the value of 2 + -2 + 1 + 3?
4
Calculate 3 + (1 - (-4 - (-2 - 2))).
4
What is (40 - 29) + (2 - 4)?
9
Evaluate -18 + 5 + 2 + 6.
-5
Calculate 3 + (-20 - -9) - -11.
3
Evaluate (-1 + 0 - 0) + (20 - 15).
4
3 + -4 + (5 - -1) + -1
4
Evaluate -2 + -5 - (1 - 9 - -4).
-3
Evaluate -3 - (-8 + 2 - (1 - 4)).
0
(-3 - 1) + (-177 - -189)
8
What is (3 - 0) + 24 + -24?
3
What is -4 - (6 + 5 - 5)?
-10
Calculate (-1 - 0) + (0 + 4 - -2).
5
What is 15 - 9 - ((-6 - -5) + 2)?
5
Calculate 3 + -2 + -1 + -2 + -4.
-6
What is 3 + (1 - (6 - -6))?
-8
What is the value of (0 - 5) + 0 + 3?
-2
0 - (-4 - 6 - -17)
-7
-1 - ((-4 + 1 - 2) + 3)
1
Evaluate (8 - 5) + (-4 - 0).
-1
What is 3 + (7 - (-1 - (-6 + 0)))?
5
What is 3 - (-2 + 6 - 5)?
4
-12 - -3 - (-36 - -26)
1
What is the value of 7 + (-7 - (-2 + -4))?
6
1 - 2 - (-5 + 1)
3
Calculate (-9 - 3 - -7) + 1.
-4
-6 + 0 + 17 + -9 + 6
8
Evaluate 3 - 2 - (28 + -20) - -3.
-4
What is the value of -3 + (-1 - (6 + -5))?
-5
What is the value of 1 + -4 + 5 + -1 - -5?
6
Evaluate (12 - 7) + -7 + -6.
-8
What is 3 + (-42 - -57) + 0 + -7?
11
(4 + -2 - 1) + (-1 - -4)
4
What is -2 + (0 + -1 - 0) - -6?
3
What is 0 - (-5 - ((10 - 5) + -7))?
3
What is -5 + -3 + 1 - -1?
-6
Calculate (6 - (4 + 6)) + (5 - 1).
0
What is the value of 4 + 1 - (-11 + 17) - -1?
0
(-3 - (-4 + -2)) + 3 + -13
-7
Evaluate (-1 + 5 - -12) + -10.
6
What is the value of 6 - -2 - (-2 - (-2 - 4))?
4
3 + 0 - (-3 + 4 - -3)
-1
-6 + 10 + (-1 - (0 + -2))
5
What is -4 - (-3 - -2 - 2)?
-1
Calculate 7 + -6 - (0 - 5).
6
Evaluate 3 + 1 - (2 - -3).
-1
What is the value of -2 + 0 + (3 - -1)?
2
What is -5 - (3 - (8 + 1))?
1
What is the value of -2 + 2 + 7 + -6?
1
Calculate (-6 - 1) + 4 - (-18 + 14).
1
Evaluate (0 - (0 - 1)) + 4.
5
What is -2 + 8 + -2 + -9 + 2?
-3
What is (-16 - (18 + -35)) + -1 + -5?
-5
What is the value of (3 - -1) + (-1 - 6)?
-3
Evaluate 4 - (-1 - 1 - 0 - -1).
5
Evaluate 4 + (-2 - 0) + 3 + -4.
1
What is -1 + (16 - 7) + -4 + -8?
-4
What is the value of 8 + (-3 - -2) - (-8 + 18)?
-3
What is 0 + (-1 - -4) + -4?
-1
Calculate 4 + -2 + -7 + 0.
-5
What is 6 + -11 + 6 + 0 + 3?
4
0 - (-2 + 5) - -6
3
Evaluate -5 + (3 - -3) + 2 - 5.
-2
Calculate 7 + (-12 - (12 + -17)).
0
What is the value of 32 + -30 + (2 - -2 - 1)?
5
What is -11 - (11 + -6 - 12)?
-4
(12 - (2 + 0)) + -6
4
-4 + (-6 - (-1 - (7 + 8)))
6
0 + 0 - ((-5 - -6) + -2)
1
Calculate -4 + -1 - (-24 - -12 - -14).
-7
Evaluate 9 + -4 + (-3 + 4 - 0).
6
Evaluate 0 + -2 - -1 - -4 - -1.
4
Calculate 13 - ((4 - 6) + 20).
-5
-1 - (-3 - 1) - (1 - 1)
3
What is the value of 1 + (-6 - -4) + (3 - 0)?
2
What is 4 + (9 - (-1 + 7 + 3))?
4
What is the value of (-7 - (0 + 7)) + 7?
-7
What is the value of (4 - 5 - 4) + 0?
-5
Evaluate -2 + 2 - (-11 + 21 + -6).
-4
-3 + (3 - 8) + (-5 - -8)
-5
What is the value of -5 + 7 + 0 + 1?
3
Calculate 87 + -83 + (0 - -2) + -12.
-6
Evaluate -5 + (14 - 5 - 0).
4
Calculate 5 - (-2 + 1 + -3 + 6).
3
What is -8 - ((8 - 4) + -6)?
-6
Evaluate -3 + (-4 - -8) + 1.
2
Evaluate 6 - (1